+ 3/f?
3, 7
Let d = -2 + 5. Let p = d - -8. List the prime factors of p.
11
Let x(n) = n - 5. Let u(b) = 3*b - 16. Let m(p) = -6*u(p) + 17*x(p). List the prime factors of m(8).
3
Let z be (-35)/(-7)*12/(-10). List the prime factors of -1*-2*(-21)/z.
7
Let u(b) = 88*b**2. Let q be u(1). Let v = q - 63. List the prime factors of v.
5
Let t be 4/14 - 120/28. List the prime factors of ((-1)/t)/(2/136).
17
Let h be ((-4)/(-3))/(6/(-261)). Let x = -41 - h. Suppose -2*i = -3*g - x + 1, 5*g = -3*i + 43. List the prime factors of i.
11
What are the prime factors of ((-4)/(-2))/((-3)/(-12))?
2
Let x(b) = b**2 - 2. Let u be x(0). Suppose 9*l = 13*l. List the prime factors of (-1 - u) + l - -18.
19
Suppose w - 7 = -5*h + 3, 3*h + 3*w = 6. Let r(v) = -v**2 + h*v**2 + 4*v**3 - 2*v**2 + 0*v**2 + v. List the prime factors of r(1).
2
Let a be 9/(6/(-2)) - -6. Let r = a + -5. List the prime factors of (16/(-3))/(r/6).
2
List the prime factors of (-1)/2 - (-23)/2.
11
Suppose -4*p - o + 3 = 0, -2*p + 4*o + 14 = 2*o. Let t = -5 - -12. Suppose t = 3*q - p*q. List the prime factors of q.
7
Let z(u) = 13*u. Suppose 0 = 5*f + 5*c - 0*c + 5, -4*f = 3*c + 1. What are the prime factors of z(f)?
2, 13
List the prime factors of 2 - ((-36)/24 - 2/(-4)).
3
Suppose 0 = -3*c - 2*w + 17, -25 = -2*c - 2*c - 5*w. Suppose h + c*z = z + 8, 0 = -3*h - 3*z + 51. What are the prime factors of h?
2, 5
Suppose 3*v + v - 124 = 0. Suppose -v = -2*j - 1. List the prime factors of ((-4)/(-6))/(2/j).
5
List the prime factors of ((-3)/((-6)/5))/(10/140).
5, 7
Suppose 2 = m - 3, 5*m = 5*d - 40. List the prime factors of d.
13
Let o = -173 + 118. Let w = o - -91. What are the prime factors of w?
2, 3
Let p = 2 - -3. Let d = 8 - p. List the prime factors of d.
3
Suppose 0 = -5*r + n + 2*n + 194, -5*r = -2*n - 191. List the prime factors of r.
37
Let h = -19 + 43. List the prime factors of h.
2, 3
Suppose 1 = -3*m - 2. What are the prime factors of m - (3 + -2 + -7)?
5
Let z be (1 - (4 - 2))/(-1). What are the prime factors of z/(-4) - (-159)/12?
13
Let s(o) = 2*o**2 + 8*o - 14. What are the prime factors of s(-7)?
2, 7
Let x be (-3)/9 + (-219)/(-9). Suppose 4*j = -l + 13, 0*j - 4*l = 2*j - x. Suppose j*w = -5*g + 24, -3 - 6 = -g + w. What are the prime factors of g?
2, 3
Suppose 3*w - 8 = -2. List the prime factors of w.
2
Suppose 4*z - 3*z - 2 = 0. Suppose f - d + 4 = -6*d, 0 = z*f - 3*d - 31. Let u = 20 - f. What are the prime factors of u?
3
Suppose -5*f = 95 + 35. Let s = f - -17. List the prime factors of 9/(-2)*48/s.
2, 3
Let h(f) = -f + 1. Let d be h(-6). Suppose d + 3 = l. What are the prime factors of l?
2, 5
Let c(b) = b**3 + 6*b**2 - 2*b - 6. Let r be c(-6). What are the prime factors of (r - 11)*22/(-10)?
11
Suppose 0*w + 21 = 3*w. Let q = -2 + w. Suppose q*u - 15 - 15 = 0. List the prime factors of u.
2, 3
Suppose x - 2*x = -15. Let g be ((-6)/x)/(2/10). What are the prime factors of 10*(4/g)/(-2)?
2, 5
Let o be 3/9 + (-11)/(-3). Let x(u) = u**2 - 7*u + 5. Let a be x(o). Let p(t) = -t**3 - 6*t**2 + 5*t - 1. What are the prime factors of p(a)?
13
Suppose -6*c + c = p + 96, 3*p = -3. Let g = c + 32. List the prime factors of g.
13
List the prime factors of 70/9 + 2/9.
2
Suppose -y - l + 94 = 3*l, 5*y - 565 = -l. List the prime factors of y.
2, 3, 19
Let o(f) = 3*f**3 + 2*f**2 + 2*f - 2. List the prime factors of o(2).
2, 17
Suppose -f = f - 5*d - 232, 0 = 5*d + 10. Let x = f - 69. What are the prime factors of x?
2, 3, 7
Suppose -4*j + 10 = t - j, j - 6 = -3*t. Let n be t + (44 - (-1 + 1)). Suppose -5*o - 9 = -z, 5 = -3*z + 2*o + n. List the prime factors of z.
2, 7
Suppose -v + 3 = -5*q - 0, -3*v + 5*q + 19 = 0. List the prime factors of v.
2
Suppose a + 22 = 3*a + 4*d, 4*d + 53 = 3*a. What are the prime factors of a?
3, 5
Suppose 6*q + 710 - 1832 = 0. List the prime factors of q.
11, 17
Suppose -33*u = -34*u + 280. What are the prime factors of u?
2, 5, 7
Suppose 3*j = -0*j + 39. What are the prime factors of j?
13
Let h(p) = 24*p - 1. Let k be h(1). What are the prime factors of (-9)/(-3) - (0 - k)?
2, 13
Let i(m) = 2*m**2 - 4*m - 1. What are the prime factors of i(5)?
29
Let l(x) = -16*x + 2. Let k = -5 - -2. List the prime factors of l(k).
2, 5
Let w(p) = p**2 + 7*p + 3. Let x be w(-7). Let i(s) = -s**2 + s + 3. Let n be i(x). Let f = n + 11. What are the prime factors of f?
2
Let y(t) = -2*t**2 + t**2 + 0*t**2 + 2*t + 3. Let g be y(3). Let p = g - -8. List the prime factors of p.
2
Let r(d) = d**2 + 4*d - 14. List the prime factors of r(-7).
7
Let k = -26 - -176. What are the prime factors of k?
2, 3, 5
Let z(l) = 3*l**2 - 2*l - 1. Let q be z(-1). Suppose -2*b - 10 = 0, 4*m + 0*b - 132 = q*b. List the prime factors of m.
2, 7
Suppose r + 4*z - 28 = -0*z, z - 3 = 0. List the prime factors of r.
2
Let x = 48 - -8. List the prime factors of x.
2, 7
Let s = 14 + -19. Let p(q) = -3*q + 2. List the prime factors of p(s).
17
List the prime factors of (-9)/(-4) + (-10)/40.
2
Let a = 0 + -3. Let p be 1 - ((-3)/a - 0). Suppose 4*n - 5*c - 11 = p, c = 6*c - 5. List the prime factors of n.
2
Suppose 2*q - 3*q = -5*o - 292, o - 5*q + 68 = 0. Let m be 5/(-10) - o/4. Suppose 2*c - m = 2*t, 15 + 5 = -4*t. What are the prime factors of c?
2
Suppose -3*r + 74 + 10 = 5*q, -4*q + r + 74 = 0. Suppose 5*l - q - 2 = 0. Suppose l*y = -4*k - k + 68, -y - 34 = -3*k. List the prime factors of k.
2, 3
Let n(i) = -6*i - 44. What are the prime factors of n(-23)?
2, 47
Suppose 0*q + 16 = 2*q. List the prime factors of q.
2
Let y(j) = j**2 - 2*j + 3. Let g(q) = q + 8. Let c be g(-6). List the prime factors of y(c).
3
Let x = -15 - -17. Suppose -48 = -0*m - 3*m - x*b, m + 5*b = 16. What are the prime factors of m?
2
Suppose -3*v + 8*v = 180. List the prime factors of v.
2, 3
Let x = -122 - -258. What are the prime factors of x?
2, 17
Let m = 22 + -5. Let l = 32 - m. List the prime factors of l.
3, 5
Suppose -50 = -c + 106. List the prime factors of c.
2, 3, 13
Let c(u) = -u**3 + 9*u**2 - 4*u. List the prime factors of c(4).
2
Let z be -16 - -3*(3 + -4). Let q = z - -40. List the prime factors of q.
3, 7
Suppose 9 = -3*t - 2*a, 2*t + t + 3*a + 12 = 0. Let c be 10/(-4)*(-48)/20. Let v = t + c. List the prime factors of v.
5
Suppose 2*i = 6, -92 = 3*h - 5*i - 23. Let s = 28 + h. What are the prime factors of s?
2, 5
Suppose 3*y + n - 126 = 0, -y + 2*y - 5*n = 26. Suppose -2*v = -4*q - 68, 4*v - y = q + 102. List the prime factors of v.
2, 3
Let f(d) be the second derivative of -d**3/6 + 19*d**2/2 - d. List the prime factors of f(13).
2, 3
Let w = -108 + 232. What are the prime factors of w?
2, 31
Suppose -v + 3 = 2, 5*v = -2*c - 1. Let p = c + 7. List the prime factors of p.
2
Let z(j) = -j**2 - 10*j + 14. Let m be z(-11). Suppose 0 = 5*i - 4*g - 93, 4*i - g = m*g + 76. What are the prime factors of i?
17
Suppose 48 = 2*s + c, 94 - 19 = 3*s + 3*c. Let u = s + -6. Let o = -7 + u. List the prime factors of o.
2, 5
Suppose -2*i - 24 = 2*i. Let f = i - -8. Suppose -4*c - f*t + 34 = 0, c + 4*c = -t + 41. What are the prime factors of c?
2
Suppose h - 40 = -3*h. What are the prime factors of h?
2, 5
Let b = -8 - -17. Suppose 3*w - b = -0. List the prime factors of w.
3
Let j(z) = -z**2 - 12*z + 5. List the prime factors of j(-6).
41
Let o(v) = 5*v**3 + v**2 + 3*v - 2. What are the prime factors of o(3)?
151
Suppose -x - 3*j = -55, -x = -4*x + j + 115. What are the prime factors of x?
2, 5
Let y(o) = -3*o**2 + 7*o - o**2 + o**3 - 2*o - 2. Suppose 1 = 2*n - 5. What are the prime factors of y(n)?
2
Let o be (-9)/2 + 3/(-6). What are the prime factors of (-5)/2*32/o?
2
What are the prime factors of ((-1)/1)/((-13)/559)?
43
Let i = 6 + -6. Suppose 0*m + 2*h = -m - 11, i = -4*m + h - 35. Let n = 7 - m. What are the prime factors of n?
2
Let a = 0 - -16. Let l = a + 37. List the prime factors of l.
53
Suppose 0 = 2*h + 4, 6*j - 74 = 2*j - 3*h. Suppose -4*b = d - j, b = -0*b + d + 10. List the prime factors of b.
2, 3
Suppose 44 = 4*a + 5*g + 15, 5*g + 7 = 2*a. Suppose a = -f - f. List the prime factors of -3*(-3 + 1/f).
2, 5
Suppose 5*y - 851 - 894 = 0. What are the prime factors of y?
349
Let m = -204 - -383. List the prime factors of m.
179
Suppose 7*b - 96 = 3*b. List the prime factors of b.
2, 3
Let p be (-4 - -4)*1/(